isor of 28 and l.
7
Let h(v) = v**2 - 14*v - 77. Let k be h(-5). Let g be 1 - ((-2 - -1) + 312). Let a = g + 508. Calculate the highest common factor of k and a.
18
Let a = -8 + 13. Let p(d) = 123*d - 452. Let b be p(4). What is the greatest common factor of a and b?
5
Let y = -20 + 14. Let f be (-2)/y - 5/(-3). Suppose -2*w - 87 = -5*k - w, f*k - 24 = -5*w. Calculate the highest common factor of 68 and k.
17
Let o(n) = -18*n + 222. Let y be o(11). Calculate the highest common factor of y and 16.
8
Let r(l) = 2*l**3 - 17*l**2 - 5*l + 20. Let t be r(9). Calculate the greatest common divisor of 14 and t.
14
Let z = -617 - -633. Let s(j) = -j**3 + 4*j + 1. Let k be s(-3). What is the greatest common factor of k and z?
16
Let v = -131 + 639. Let g = v + -39. Suppose -5*c - g + 1954 = 0. Calculate the greatest common factor of c and 33.
33
Suppose 3*f = -q + 223, -q = 4*f - 18 - 280. Calculate the highest common divisor of f and 15.
15
Let v = 205 - -40. What is the greatest common divisor of 70 and v?
35
Suppose 2*a = -2*a + 44. Let b = a + 5. Suppose 0 = -9*s + 4*s + 40. What is the highest common divisor of s and b?
8
Let k(b) = -2*b + 12*b**3 - 11*b**3 - 7*b**2 + 4 + 10*b. Let x be k(7). Suppose -2*s + 82 - 34 = 0. What is the greatest common factor of x and s?
12
Let s(a) = a + 12. Let i be s(-9). Suppose 0 = -i*n - 2*n + 195. Suppose 4*v - n = 5. What is the highest common divisor of v and 88?
11
Let i(x) = -x**3 + 11*x**2 + 14*x + 9. Let v be i(12). Suppose -3*k + 51 = 5*s, -2*k + 2*s - 6*s + 32 = 0. What is the highest common factor of v and k?
11
Let q = 752 + -671. Calculate the highest common factor of 648 and q.
81
Suppose 4*b = 5*t - 174, -5*t + b = -2*t - 103. What is the highest common divisor of t and 3672?
34
Let k = 351 + -169. Calculate the highest common factor of k and 52.
26
Let p(q) = -q**3 + q**2 + 4. Suppose 4*z + 16 = -o, 2*z + 3 + 5 = -o. Let u be p(o). Suppose 0 = -b - u*b + 40. What is the highest common divisor of b and 48?
8
Suppose -4*z = -5*t + 11, -t - 7*z = -2*z - 8. Suppose 12 = 5*g - t. Suppose 0*b = -g*b + 45. What is the greatest common factor of 165 and b?
15
Let t = 98 - 63. Let z = 3312 - 3307. What is the highest common divisor of t and z?
5
Let q = 5 - 3. Suppose -f + 3 = 0, -3*j - q*f = -5*j - 12. Let w(r) = -6*r - 1. Let c be w(j). Calculate the greatest common factor of c and 51.
17
Let q(d) = -d**3 - 7*d**2 + 15*d - 4. Let z be q(-9). Let o(n) = n**3 + 11*n**2 - 6*n - 9. Let r be o(-9). What is the highest common factor of z and r?
23
Suppose -91*q + 32320 = 10*q. What is the greatest common divisor of 80 and q?
80
Let y(r) = -r**3 - 13*r**2 + 14*r + 2. Let l be y(-14). Let j be (-4 - -2) + 30 + l. Calculate the greatest common divisor of j and 20.
10
Let a = -117 - -125. Suppose -6*y + 560 = a*y. What is the highest common factor of y and 10?
10
Let r be (-24)/(-8) - (-1 - 1). Let i(j) = r*j + 3*j - 10 - 2*j - j. Let x be i(5). Calculate the greatest common divisor of 6 and x.
3
Let w(x) = 14*x**2 + 15*x + 76. Let y be w(-4). Let q = 34 + -4. Calculate the highest common divisor of y and q.
30
Suppose 3*o + 87 = 3*j + o, 5*j = -4*o + 167. Suppose j - 337 = -2*x. Suppose 0 = -2*p + 3*p - x. Calculate the highest common factor of 17 and p.
17
Let n = 0 - -3. Suppose n = -0*j + j. Let k be 12 - 0 - (-1 + j). What is the highest common divisor of 20 and k?
10
Let p = -2 + 0. Let d be p/4 + 181/2. Let u(c) = -c**3 - 23*c**2 - 19*c + 81. Let k be u(-22). What is the greatest common factor of k and d?
15
Let i = -5 - -7. Suppose -5*d - 4*b + 18 = 0, 5*d - 2*b - 2 = i*b. Calculate the highest common factor of 38 and d.
2
Suppose -3*m - 3*b = -57, 5*m + 12*b - 83 = 13*b. What is the highest common divisor of m and 272?
17
Let o = -649 - -651. Calculate the greatest common factor of o and 118.
2
Let q(w) = -w**3 - 16*w**2 - 8*w + 153. Let u be q(-15). What is the greatest common divisor of u and 1032?
24
Suppose -41*v = -81*v + 6200. Calculate the greatest common divisor of 4960 and v.
155
Suppose -24*f + 6 + 90 = 0. What is the greatest common divisor of 32 and f?
4
Suppose 55 = -2*i + p, -136 = 5*i + 2*p - 5*p. Let h be 4 - (-3 - 135)/(-3). Let o = i - h. What is the highest common factor of o and 26?
13
Let q(z) = 4*z - 11. Let t(o) = 2*o - 3. Let d be t(5). Let l be q(d). Calculate the greatest common factor of 187 and l.
17
Suppose -4*o = 3*g - 63, -4*g + 7*o - 6*o + 84 = 0. Calculate the greatest common divisor of 231 and g.
21
Let w(l) = 3*l**3 - 18*l**2 + 10*l + 9. Let q be w(8). What is the highest common divisor of 86 and q?
43
Let z be (-4)/(-1) + (-6 - -5). Suppose r - 260 - 120 = -4*w, z*w - 280 = -2*r. Calculate the greatest common factor of w and 12.
12
Let x be 99/5 + 2/10. Let y(q) = -q**2 + 6*q - 3. Let m be y(5). Let k be 1*(-5 - (-4)/m - -8). Calculate the greatest common divisor of k and x.
5
Suppose 0 = -2*a - 4*v - 120 + 2642, 4*v + 3763 = 3*a. Let t = a + -861. Calculate the greatest common divisor of 36 and t.
36
Let y be -5 + (2608/8 - 9). Calculate the greatest common divisor of y and 240.
24
Let h(t) = -2*t**3 - t**2 + 4. Let z be (-1 - 2/(-1))*-2. Let l be h(z). What is the highest common divisor of 24 and l?
8
Suppose 4*d = -2*f + 10, -2*f + 20 = -3*d + 2*f. Suppose p + d*h - 163 = -2*h, 0 = p - 3*h - 183. Calculate the highest common factor of p and 19.
19
Let y be (-80)/(-15)*189/6. Let p(b) = -7 + 14 - 8*b + b**2 + 5. Let z be p(9). What is the highest common factor of z and y?
21
Let x be (3 - 9/2)*-2. Let a(g) = -2 - 2*g + 2*g**x + 3*g + g**2 + 5*g**3. Let f be a(2). Calculate the highest common divisor of f and 24.
12
Let k = 744 - 69. Calculate the greatest common divisor of k and 25.
25
Suppose 0 = -3*r - 25 + 103. Suppose -4*l = -70 - r. Suppose -36*o + 32*o + 12 = 0. What is the highest common divisor of o and l?
3
Let n = -374 - -654. Suppose 2*v - 249 = -79. Suppose -5*o = -n + v. Calculate the greatest common factor of o and 26.
13
Let o(n) = -2*n**2 - 15*n - 8. Let h be o(-7). Let f be h/(8/(-96) + 0/1). What is the highest common divisor of 24 and f?
12
Suppose 12082 = 56*m - 4718. Calculate the greatest common factor of m and 40.
20
Suppose -2*r - 3*c + 43 = -0*r, -4*r = -2*c - 62. Calculate the highest common divisor of r and 1088.
17
Suppose 1155 = 14*d - 2247. Calculate the greatest common factor of 18 and d.
9
Let y = 756 + -660. Suppose g - 29 = -3*z + 44, 4*z - 101 = -5*g. Calculate the greatest common factor of y and z.
24
Let c(h) = -2*h**2 - 29 + 39*h + 3*h**2 - 28*h. Let y be c(-14). Calculate the greatest common factor of y and 26.
13
Let d(c) = -14*c + 152. Let k be d(7). What is the highest common divisor of 1458 and k?
54
Let j(u) = u**2 + 27*u + 18. Let z be j(-28). Calculate the greatest common factor of z and 506.
46
Suppose 2*s + 10*s = 4992. Calculate the highest common divisor of s and 26.
26
Let p(f) = 0 - 4*f**2 + 2*f**3 + 1 + 2*f**2. Let w be p(1). Let a = 254 + -246. What is the greatest common divisor of w and a?
1
Suppose -4*l = 2*c - c - 1190, 590 = 2*l - 2*c. Suppose -503 - l = 5*z. Let m = z - -272. Calculate the greatest common divisor of 16 and m.
16
Let m = -4 + 5. Let x be 2/(-4)*-5*(-2 - -4). Calculate the greatest common factor of m and x.
1
Suppose 0 = -2*l - 8, -4*j + 5*l + 645 = j. What is the greatest common factor of j and 100?
25
Suppose -1832 = -7*s - 117. Suppose s - 55 = d. Calculate the greatest common factor of 10 and d.
10
Suppose -491 = -23*u + 889. What is the greatest common factor of u and 160?
20
Let l = 355 + -163. Suppose 0 = -3*f + 456 + l. Suppose 3*t = 7*t - f. What is the greatest common factor of 6 and t?
6
Let v = -227 + 536. Let r = 516 - v. Calculate the greatest common divisor of 23 and r.
23
Suppose 16*j = 14*j + 400. Calculate the highest common factor of 125 and j.
25
Let i(a) = -34*a - 32. Let t be i(-1). What is the highest common factor of t and 29?
1
Let c = 394 + -359. Calculate the highest common factor of c and 28.
7
Let t = 2 + 2. Suppose 0 = -0*g + t*g - 184. Calculate the highest common divisor of 115 and g.
23
Suppose -11*x + 16 = -380. Calculate the greatest common factor of 132 and x.
12
Let k = -88 - -98. Suppose -3*f = -2*p + 14, -2*p + 5*p = -2*f + 8. Calculate the highest common